igit of 16247466?
4
What is the ten thousands digit of 362043198?
4
What is the tens digit of 4593592081?
8
What is the thousands digit of 76453356?
3
What is the millions digit of 45350222?
5
What is the ten millions digit of 43958418?
4
What is the millions digit of 77054376?
7
What is the thousands digit of 2023154806?
4
What is the units digit of 176990469?
9
What is the thousands digit of 1370225454?
5
What is the hundreds digit of 209074022?
0
What is the hundred millions digit of 239232156?
2
What is the hundred thousands digit of 928051607?
0
What is the ten thousands digit of 1701803756?
0
What is the hundreds digit of 256221608?
6
What is the hundreds digit of 49835605?
6
What is the hundred thousands digit of 671137858?
1
What is the hundred millions digit of 531258152?
5
What is the tens digit of 17443260?
6
What is the ten thousands digit of 564638196?
3
What is the hundred thousands digit of 14168254?
1
What is the ten thousands digit of 2535665816?
6
What is the units digit of 2281421780?
0
What is the ten millions digit of 217196913?
1
What is the hundred thousands digit of 38465167?
4
What is the ten thousands digit of 101814930?
1
What is the ten thousands digit of 405224275?
2
What is the ten millions digit of 13662999?
1
What is the ten millions digit of 5728252886?
2
What is the millions digit of 117541036?
7
What is the millions digit of 88994982?
8
What is the ten millions digit of 27086468?
2
What is the hundred millions digit of 179959141?
1
What is the ten millions digit of 116952783?
1
What is the millions digit of 829026302?
9
What is the tens digit of 1445159680?
8
What is the hundreds digit of 3380199?
1
What is the ten thousands digit of 201119477?
1
What is the millions digit of 103682426?
3
What is the units digit of 25006490?
0
What is the millions digit of 260356273?
0
What is the hundred thousands digit of 36459570?
4
What is the tens digit of 36577480?
8
What is the billions digit of 4332620430?
4
What is the tens digit of 643894347?
4
What is the hundreds digit of 83364231?
2
What is the units digit of 251354920?
0
What is the ten millions digit of 72983428?
7
What is the billions digit of 1007256429?
1
What is the thousands digit of 860862380?
2
What is the hundreds digit of 1046747651?
6
What is the billions digit of 1707638571?
1
What is the hundred thousands digit of 2647643448?
6
What is the hundreds digit of 248905559?
5
What is the billions digit of 1375918085?
1
What is the units digit of 25237738?
8
What is the hundred millions digit of 1944032275?
9
What is the ten millions digit of 416493031?
1
What is the ten millions digit of 31330044?
3
What is the hundreds digit of 705761465?
4
What is the tens digit of 72650652?
5
What is the hundred thousands digit of 37660384?
6
What is the units digit of 96657172?
2
What is the hundred thousands digit of 256062180?
0
What is the ten thousands digit of 546742419?
4
What is the hundreds digit of 471923194?
1
What is the hundred thousands digit of 105054831?
0
What is the ten thousands digit of 129652459?
5
What is the ten thousands digit of 388002779?
0
What is the tens digit of 177360706?
0
What is the hundred thousands digit of 4041570170?
5
What is the millions digit of 546346891?
6
What is the tens digit of 54517174?
7
What is the thousands digit of 80690870?
0
What is the hundred millions digit of 693055533?
6
What is the hundreds digit of 6627139330?
3
What is the ten millions digit of 157094042?
5
What is the hundred thousands digit of 4214227?
2
What is the tens digit of 1422126863?
6
What is the tens digit of 92644580?
8
What is the ten thousands digit of 701660848?
6
What is the units digit of 42030965?
5
What is the thousands digit of 45527604?
7
What is the tens digit of 273720239?
3
What is the ten thousands digit of 42657421?
5
What is the ten millions digit of 233544619?
3
What is the ten millions digit of 79626506?
7
What is the units digit of 890054562?
2
What is the units digit of 81642291?
1
What is the millions digit of 2884826716?
4
What is the millions digit of 13528993?
3
What is the tens digit of 13728473?
7
What is the millions digit of 55124109?
5
What is the hundred thousands digit of 82815977?
8
What is the ten millions digit of 145319374?
4
What is the hundred millions digit of 5035610873?
0
What is the units digit of 747439450?
0
What is the hundred thousands digit of 655752634?
7
What is the units digit of 1394967909?
9
What is the thousands digit of 1105844611?
4
What is the thousands digit of 82436053?
6
What is the thousands digit of 103052295?
2
What is the hundred thousands digit of 800463778?
4
What is the hundreds digit of 41108111?
1
What is the ten thousands digit of 340352217?
5
What is the units digit of 26544258?
8
What is the ten millions digit of 516545473?
1
What is the ten millions digit of 139550502?
3
What is the hundred thousands digit of 606911443?
9
What is the ten millions digit of 851433204?
5
What is the ten thousands digit of 811339170?
3
What is the thousands digit of 20849618?
9
What is the hundreds digit of 17244215?
2
What is the millions digit of 78946835?
8
What is the ten thousands digit of 10783829?
8
What is the hundred thousands digit of 454393850?
3
What is the ten millions digit of 32827511?
3
What is the ten millions digit of 1277676947?
7
What is the tens digit of 4323576?
7
What is the thousands digit of 1079495020?
5
What is the ten millions digit of 66250720?
6
What is the ten thousands digit of 131105536?
0
What is the units digit of 2210703088?
8
What is the millions digit of 668322375?
8
What is the hundred thousands digit of 77197785?
1
What is the thousands digit of 150457604?
7
What is the hundred millions digit of 452168582?
4
What is the tens digit of 18636145?
4
What is the thousands digit of 76316926?
6
What is the units digit of 33489661?
1
What is the hundred thousands digit of 1502533299?
5
What is the millions digit of 976343332?
6
What is the tens digit of 2926499013?
1
What is the hundreds digit of 31323517?
5
What is the hundred thousands digit of 1967756515?
7
What is the hundreds digit of 303947650?
6
What is the millions digit of 5797163704?
7
What is the millions digit of 344494868?
4
What is the millions digit of 261241008?
1
What is the units digit of 890703745?
5
What is the tens digit of 329543004?
0
What is the millions digit of 1476310699?
6
What is the hundred thousands digit of 288472889?
4
What is the ten millions digit of 449103698?
4
What is the hundred thousands digit of 177445363?
4
What is the hundred millions digit of 1257196377?
2
What is the units digit of 528930692?
2
What is the millions digit of 15467645?
5
What is the hundred thousands digit of 88924300?
9
What is the hundreds digit of 1408094697?
6
What is the hundred millions digit of 106424840?
1
What is the thousands digit of 35548087?
8
What is the ten thousands digit of 55682167?
8
What is the millions digit of 426922116?
6
What is the tens digit of 122565380?
8
What is the units digit of 1263105814?
4
What is the ten thousands digit of 1281709622?
0
What is the thousands digit of 330354951?
4
What is the thousands digit of 203906406?
6
What is the ten millions digit of 62690423?
6
What is the hundred thousands digit of 55482266?
4
What is the millions digit of 902839394?
2
What is the hundred thousands digit of 187328887?
3
What is the ten thousands digit of 108561468?
6
What is the hundred thousands digit of 540961888?
9
What is the hundreds digit of 556404322?
3
What is the tens digit of 1056263076?
7
What is the ten thousands digit of 774331?
7
What is the hundred thousands digit of 125922706?
9
What is the hundreds digit of 274603927?
9
What is the thousands digit of 5914830925?
0
What is the tens digit of 360378581?
8
What is the millions digit of 8607844562?
7
What is the hundreds digit of 11411777?
7
What is the millions digit of 1096349756?
6
What is the millions digit of 66117090?
6
What is the units digit of 376721144?
4
What is the ten millions digit of 172325188?
7
What is the hundred thousands digit of 59341518?
3
What is the thousands digit of 165206504?
6
What is the units digit of 81236020?
0
What is the hundred thousands digit of 1512646365?
6
What is the tens digi